{"id":1385,"date":"2021-03-06T11:22:12","date_gmt":"2021-03-06T10:22:12","guid":{"rendered":"https:\/\/www.nicolasvadot.com\/shop\/?page_id=1385"},"modified":"2025-12-16T15:43:13","modified_gmt":"2025-12-16T14:43:13","slug":"a-propos","status":"publish","type":"page","link":"https:\/\/www.nicolasvadot.com\/shop\/a-propos\/","title":{"rendered":"A propos"},"content":{"rendered":"<p><img loading=\"lazy\" decoding=\"async\" class=\"alignleft wp-image-1476\" src=\"https:\/\/www.nicolasvadot.com\/shop\/wp-content\/uploads\/2021\/03\/Vadot_photo-279x400.jpg\" alt=\"\" width=\"220\" height=\"315\" srcset=\"https:\/\/www.nicolasvadot.com\/shop\/wp-content\/uploads\/2021\/03\/Vadot_photo-279x400.jpg 279w, https:\/\/www.nicolasvadot.com\/shop\/wp-content\/uploads\/2021\/03\/Vadot_photo-300x430.jpg 300w, https:\/\/www.nicolasvadot.com\/shop\/wp-content\/uploads\/2021\/03\/Vadot_photo.jpg 384w\" sizes=\"auto, (max-width: 220px) 100vw, 220px\" \/>Nicolas Vadot (n\u00e9 en 1971) est un dessinateur de presse bas\u00e9 \u00e0 Bruxelles. Il collabore principalement avec la presse belge, pour le quotidien L\u2019Echo et l\u2019hebdomadaire \u00a0Le Vif\/L\u2019Express. Membre de la fondation Cartooning for Peace, il intervient r\u00e9guli\u00e8rement dans des \u00e9missions de radio et de t\u00e9l\u00e9vision.<\/p>\n<p>Nicolas Vadot (born in 1971) is a political cartoonist based in Brussels. He mainly works for two Belgian publications,\u00a0Finance daily L\u2019Echo and weekly magazine Le Vif\/L\u2019Express. Member of the Cartooning for Peace Foundation, he regularly appears on radio and television programs<\/p>\n","protected":false},"excerpt":{"rendered":"<p>Nicolas Vadot (n\u00e9 en 1971) est un dessinateur de presse bas\u00e9 \u00e0 Bruxelles. Il collabore principalement avec la presse belge, pour le quotidien L\u2019Echo et l\u2019hebdomadaire \u00a0Le Vif\/L\u2019Express. Membre de la fondation Cartooning for Peace, il intervient r\u00e9guli\u00e8rement dans des \u00e9missions de radio et de t\u00e9l\u00e9vision. Nicolas Vadot (born in 1971) is a political cartoonist &hellip;<\/p>\n","protected":false},"author":1,"featured_media":0,"parent":0,"menu_order":0,"comment_status":"closed","ping_status":"closed","template":"","meta":{"_monsterinsights_skip_tracking":false,"_monsterinsights_sitenote_active":false,"_monsterinsights_sitenote_note":"","_monsterinsights_sitenote_category":0,"footnotes":""},"class_list":["post-1385","page","type-page","status-publish","hentry"],"_links":{"self":[{"href":"https:\/\/www.nicolasvadot.com\/shop\/wp-json\/wp\/v2\/pages\/1385","targetHints":{"allow":["GET"]}}],"collection":[{"href":"https:\/\/www.nicolasvadot.com\/shop\/wp-json\/wp\/v2\/pages"}],"about":[{"href":"https:\/\/www.nicolasvadot.com\/shop\/wp-json\/wp\/v2\/types\/page"}],"author":[{"embeddable":true,"href":"https:\/\/www.nicolasvadot.com\/shop\/wp-json\/wp\/v2\/users\/1"}],"replies":[{"embeddable":true,"href":"https:\/\/www.nicolasvadot.com\/shop\/wp-json\/wp\/v2\/comments?post=1385"}],"version-history":[{"count":29,"href":"https:\/\/www.nicolasvadot.com\/shop\/wp-json\/wp\/v2\/pages\/1385\/revisions"}],"predecessor-version":[{"id":3303,"href":"https:\/\/www.nicolasvadot.com\/shop\/wp-json\/wp\/v2\/pages\/1385\/revisions\/3303"}],"wp:attachment":[{"href":"https:\/\/www.nicolasvadot.com\/shop\/wp-json\/wp\/v2\/media?parent=1385"}],"curies":[{"name":"wp","href":"https:\/\/api.w.org\/{rel}","templated":true}]}}